{"id":572,"date":"2021-12-01T02:17:39","date_gmt":"2021-12-01T02:17:39","guid":{"rendered":"https:\/\/avelozcomunicacao.com.br\/toyotas\/?page_id=572"},"modified":"2021-12-11T01:20:59","modified_gmt":"2021-12-11T01:20:59","slug":"podcast","status":"publish","type":"page","link":"https:\/\/avelozcomunicacao.com.br\/toyotas\/podcast\/","title":{"rendered":"Podcast"},"content":{"rendered":"<p style=\"text-align: center;\"><span style=\"font-weight: 400; font-family: amada; font-size: 36pt; color: #000000;\">Conversas na estrada\u00a0<\/span><\/p>\n<p style=\"text-align: justify;\"><span style=\"font-size: 14pt; font-family: Arial, Helvetica, sans-serif; color: #000000;\"><span style=\"font-weight: 400;\">As rep\u00f3rteres Maria Julia Vieira, Maryane Martins e Rauany Nat\u00e9rcia conversaram com motoristas de Brejo da Madre de Deus, Riacho das Almas e Sair\u00e9 sobre seus cotidianos e a vida nas estradas.<\/span><\/span><\/p>\n<div id=\"attachment_668\" style=\"width: 730px\" class=\"wp-caption aligncenter\"><img loading=\"lazy\" decoding=\"async\" aria-describedby=\"caption-attachment-668\" class=\"wp-image-668 size-full\" style=\"margin-top: 0.857143rem; margin-bottom: 0.857143rem; color: #000000; font-family: Arial, Helvetica, sans-serif; font-size: 18.6667px; text-align: justify;\" src=\"https:\/\/avelozcomunicacao.com.br\/toyotas\/wp-content\/uploads\/2021\/12\/sp-1.jpeg\" alt=\"\" width=\"720\" height=\"724\" srcset=\"https:\/\/avelozcomunicacao.com.br\/toyotas\/wp-content\/uploads\/2021\/12\/sp-1.jpeg 720w, https:\/\/avelozcomunicacao.com.br\/toyotas\/wp-content\/uploads\/2021\/12\/sp-1-298x300.jpeg 298w, https:\/\/avelozcomunicacao.com.br\/toyotas\/wp-content\/uploads\/2021\/12\/sp-1-150x150.jpeg 150w, https:\/\/avelozcomunicacao.com.br\/toyotas\/wp-content\/uploads\/2021\/12\/sp-1-60x60.jpeg 60w\" sizes=\"auto, (max-width: 720px) 100vw, 720px\" \/><p id=\"caption-attachment-668\" class=\"wp-caption-text\">Um toyot\u00e3o saindo de SP para Brejo &#8211; com uma geladeira a bordo&#8221; (Foto: arquivo pessoal\/Seu Dodia)<\/p><\/div>\n<p style=\"text-align: justify;\"><span style=\"font-size: 14pt; font-family: Arial, Helvetica, sans-serif; color: #000000;\"><span style=\"font-weight: 400;\">S\u00e3o dois epis\u00f3dios: no primeiro, conhecemos algumas dificuldades da profiss\u00e3o, al\u00e9m de situa\u00e7\u00f5es pitorescas, contadas por nomes como Paulo Am\u00e2ncio, Jos\u00e9 Augusto e Jo\u00e3o Batista. No segundo epis\u00f3dio, Josias<\/span><span style=\"font-weight: 400;\"> Sales Silva, 60 anos, conhecido como Dodia, fala sobre os 25 anos em pista de barro ou rodovias cumprindo o trajeto Brejo-S\u00e3o Paulo, trazendo pessoas, objetos e sonhos de reencontros. \u00c9 hist\u00f3ria que n\u00e3o acaba mais &#8211; e n\u00e3o tem como n\u00e3o sentar ao lado dele para saber mais e seguir a viagem nesse jip\u00e3o.<\/span><\/span><\/p>\n<p style=\"text-align: justify;\"><span style=\"font-size: 14pt; font-family: Arial, Helvetica, sans-serif; color: #000000;\">Os podcasts est\u00e3o dispon\u00edveis no link do <a href=\"https:\/\/open.spotify.com\/show\/3i8NKyQjJD0So7nOJrlfr7\">Solte Sua Voz<\/a>, podcast integrante do OVA e coordenado pela professora Giovana Mesquita. <\/span><\/p>\n<p><span style=\"font-family: Arial, Helvetica, sans-serif; font-size: 14pt;\"><a href=\"https:\/\/open.spotify.com\/episode\/2DCHhFlIbruV48DWwylSo5\">Escute agora &#8220;Valeu, mot\u00f2!&#8221; ep 01\u00a0<\/a><\/span><br \/>\n<span style=\"font-family: Arial, Helvetica, sans-serif; font-size: 14pt;\"><a href=\"https:\/\/open.spotify.com\/episode\/1FR0vRgkEe11Pj6wLNfgrV\">Escute agora &#8220;Valeu, mot\u00f2!&#8221; ep 02<\/a><\/span><a href=\"https:\/\/avelozcomunicacao.com.br\/toyotas\/\"><img loading=\"lazy\" decoding=\"async\" class=\"wp-image-523 aligncenter\" src=\"https:\/\/avelozcomunicacao.com.br\/toyotas\/wp-content\/uploads\/2021\/11\/inicio-300x196.png\" alt=\"\" width=\"220\" height=\"144\" srcset=\"https:\/\/avelozcomunicacao.com.br\/toyotas\/wp-content\/uploads\/2021\/11\/inicio-300x196.png 300w, https:\/\/avelozcomunicacao.com.br\/toyotas\/wp-content\/uploads\/2021\/11\/inicio.png 492w\" sizes=\"auto, (max-width: 220px) 100vw, 220px\" \/><\/a><\/p>\n","protected":false},"excerpt":{"rendered":"<p>Conversas na estrada\u00a0 As rep\u00f3rteres Maria Julia Vieira, Maryane Martins e Rauany Nat\u00e9rcia conversaram com motoristas de Brejo da Madre de Deus,&#8230;<\/p>\n","protected":false},"author":2,"featured_media":544,"parent":0,"menu_order":0,"comment_status":"closed","ping_status":"closed","template":"","meta":{"footnotes":""},"class_list":["post-572","page","type-page","status-publish","has-post-thumbnail","hentry"],"_links":{"self":[{"href":"https:\/\/avelozcomunicacao.com.br\/toyotas\/wp-json\/wp\/v2\/pages\/572","targetHints":{"allow":["GET"]}}],"collection":[{"href":"https:\/\/avelozcomunicacao.com.br\/toyotas\/wp-json\/wp\/v2\/pages"}],"about":[{"href":"https:\/\/avelozcomunicacao.com.br\/toyotas\/wp-json\/wp\/v2\/types\/page"}],"author":[{"embeddable":true,"href":"https:\/\/avelozcomunicacao.com.br\/toyotas\/wp-json\/wp\/v2\/users\/2"}],"replies":[{"embeddable":true,"href":"https:\/\/avelozcomunicacao.com.br\/toyotas\/wp-json\/wp\/v2\/comments?post=572"}],"version-history":[{"count":20,"href":"https:\/\/avelozcomunicacao.com.br\/toyotas\/wp-json\/wp\/v2\/pages\/572\/revisions"}],"predecessor-version":[{"id":698,"href":"https:\/\/avelozcomunicacao.com.br\/toyotas\/wp-json\/wp\/v2\/pages\/572\/revisions\/698"}],"wp:featuredmedia":[{"embeddable":true,"href":"https:\/\/avelozcomunicacao.com.br\/toyotas\/wp-json\/wp\/v2\/media\/544"}],"wp:attachment":[{"href":"https:\/\/avelozcomunicacao.com.br\/toyotas\/wp-json\/wp\/v2\/media?parent=572"}],"curies":[{"name":"wp","href":"https:\/\/api.w.org\/{rel}","templated":true}]}}

<p style="text-align: center;"><span style="font-weight: 400; font-family: amada; font-size: 36pt; color: #000000;">Conversas na estrada </span></p>
<p style="text-align: justify;"><span style="font-size: 14pt; font-family: Arial, Helvetica, sans-serif; color: #000000;"><span style="font-weight: 400;">As repórteres Maria Julia Vieira, Maryane Martins e Rauany Natércia conversaram com motoristas de Brejo da Madre de Deus, Riacho das Almas e Sairé sobre seus cotidianos e a vida nas estradas.</span></span></p>
<div id="attachment_668" style="width: 730px" class="wp-caption aligncenter"><img loading="lazy" decoding="async" aria-describedby="caption-attachment-668" class="wp-image-668 size-full" style="margin-top: 0.857143rem; margin-bottom: 0.857143rem; color: #000000; font-family: Arial, Helvetica, sans-serif; font-size: 18.6667px; text-align: justify;" src="https://avelozcomunicacao.com.br/toyotas/wp-content/uploads/2021/12/sp-1.jpeg" alt="" width="720" height="724" srcset="https://avelozcomunicacao.com.br/toyotas/wp-content/uploads/2021/12/sp-1.jpeg 720w, https://avelozcomunicacao.com.br/toyotas/wp-content/uploads/2021/12/sp-1-298x300.jpeg 298w, https://avelozcomunicacao.com.br/toyotas/wp-content/uploads/2021/12/sp-1-150x150.jpeg 150w, https://avelozcomunicacao.com.br/toyotas/wp-content/uploads/2021/12/sp-1-60x60.jpeg 60w" sizes="auto, (max-width: 720px) 100vw, 720px" /><p id="caption-attachment-668" class="wp-caption-text">Um toyotão saindo de SP para Brejo &#8211; com uma geladeira a bordo&#8221; (Foto: arquivo pessoal/Seu Dodia)</p></div>
<p style="text-align: justify;"><span style="font-size: 14pt; font-family: Arial, Helvetica, sans-serif; color: #000000;"><span style="font-weight: 400;">São dois episódios: no primeiro, conhecemos algumas dificuldades da profissão, além de situações pitorescas, contadas por nomes como Paulo Amâncio, José Augusto e João Batista. No segundo episódio, Josias</span><span style="font-weight: 400;"> Sales Silva, 60 anos, conhecido como Dodia, fala sobre os 25 anos em pista de barro ou rodovias cumprindo o trajeto Brejo-São Paulo, trazendo pessoas, objetos e sonhos de reencontros. É história que não acaba mais &#8211; e não tem como não sentar ao lado dele para saber mais e seguir a viagem nesse jipão.</span></span></p>
<p style="text-align: justify;"><span style="font-size: 14pt; font-family: Arial, Helvetica, sans-serif; color: #000000;">Os podcasts estão disponíveis no link do <a href="https://open.spotify.com/show/3i8NKyQjJD0So7nOJrlfr7">Solte Sua Voz</a>, podcast integrante do OVA e coordenado pela professora Giovana Mesquita. </span></p>
<p><span style="font-family: Arial, Helvetica, sans-serif; font-size: 14pt;"><a href="https://open.spotify.com/episode/2DCHhFlIbruV48DWwylSo5">Escute agora &#8220;Valeu, motò!&#8221; ep 01 </a></span><br />
<span style="font-family: Arial, Helvetica, sans-serif; font-size: 14pt;"><a href="https://open.spotify.com/episode/1FR0vRgkEe11Pj6wLNfgrV">Escute agora &#8220;Valeu, motò!&#8221; ep 02</a></span><a href="https://avelozcomunicacao.com.br/toyotas/"><img loading="lazy" decoding="async" class="wp-image-523 aligncenter" src="https://avelozcomunicacao.com.br/toyotas/wp-content/uploads/2021/11/inicio-300x196.png" alt="" width="220" height="144" srcset="https://avelozcomunicacao.com.br/toyotas/wp-content/uploads/2021/11/inicio-300x196.png 300w, https://avelozcomunicacao.com.br/toyotas/wp-content/uploads/2021/11/inicio.png 492w" sizes="auto, (max-width: 220px) 100vw, 220px" /></a></p>

<p>Conversas na estrada  As repórteres Maria Julia Vieira, Maryane Martins e Rauany Natércia conversaram com motoristas de Brejo da Madre de Deus,&#8230;</p>
